s the ten thousands digit of 2385431?
8
What is the ten thousands digit of 305501?
0
What is the ten thousands digit of 11889?
1
What is the hundreds digit of 650550?
5
What is the units digit of 100391?
1
What is the ten thousands digit of 337785?
3
What is the hundred thousands digit of 1720278?
7
What is the units digit of 392868?
8
What is the ten thousands digit of 78291?
7
What is the tens digit of 1073959?
5
What is the ten thousands digit of 425198?
2
What is the thousands digit of 11372466?
2
What is the tens digit of 2953466?
6
What is the hundred thousands digit of 1834982?
8
What is the ten thousands digit of 12470789?
7
What is the units digit of 3184687?
7
What is the units digit of 702209?
9
What is the units digit of 608304?
4
What is the ten thousands digit of 184246?
8
What is the tens digit of 5870596?
9
What is the ten thousands digit of 23033?
2
What is the thousands digit of 433554?
3
What is the units digit of 40374?
4
What is the thousands digit of 286575?
6
What is the millions digit of 2691629?
2
What is the thousands digit of 39810?
9
What is the ten thousands digit of 512428?
1
What is the hundred thousands digit of 805725?
8
What is the hundreds digit of 337571?
5
What is the thousands digit of 3742449?
2
What is the hundreds digit of 169393?
3
What is the thousands digit of 4741817?
1
What is the units digit of 191570?
0
What is the thousands digit of 334672?
4
What is the tens digit of 177055?
5
What is the hundred thousands digit of 246197?
2
What is the tens digit of 714651?
5
What is the thousands digit of 3356073?
6
What is the thousands digit of 446084?
6
What is the units digit of 264192?
2
What is the tens digit of 703671?
7
What is the tens digit of 11027072?
7
What is the hundred thousands digit of 307280?
3
What is the millions digit of 4560418?
4
What is the ten thousands digit of 329585?
2
What is the thousands digit of 513090?
3
What is the ten thousands digit of 2309195?
0
What is the hundreds digit of 276603?
6
What is the units digit of 3204626?
6
What is the tens digit of 204340?
4
What is the units digit of 539222?
2
What is the thousands digit of 826934?
6
What is the ten thousands digit of 177336?
7
What is the hundred thousands digit of 830832?
8
What is the ten thousands digit of 1102796?
0
What is the tens digit of 1660916?
1
What is the units digit of 5891106?
6
What is the hundreds digit of 1344268?
2
What is the thousands digit of 6051047?
1
What is the hundreds digit of 9687794?
7
What is the thousands digit of 68458?
8
What is the hundred thousands digit of 24563298?
5
What is the hundred thousands digit of 993439?
9
What is the hundred thousands digit of 175416?
1
What is the ten thousands digit of 2027491?
2
What is the units digit of 383?
3
What is the thousands digit of 1595988?
5
What is the tens digit of 128974?
7
What is the units digit of 122528?
8
What is the ten thousands digit of 1120830?
2
What is the thousands digit of 1013803?
3
What is the hundred thousands digit of 7343276?
3
What is the ten thousands digit of 453748?
5
What is the ten thousands digit of 342775?
4
What is the millions digit of 15266790?
5
What is the millions digit of 36070206?
6
What is the units digit of 709709?
9
What is the hundreds digit of 3800427?
4
What is the hundreds digit of 719846?
8
What is the thousands digit of 1397506?
7
What is the millions digit of 14860120?
4
What is the hundred thousands digit of 6386233?
3
What is the units digit of 403270?
0
What is the units digit of 603102?
2
What is the ten thousands digit of 837650?
3
What is the tens digit of 15499381?
8
What is the ten thousands digit of 172376?
7
What is the hundred thousands digit of 346940?
3
What is the tens digit of 789407?
0
What is the millions digit of 1171553?
1
What is the units digit of 7942720?
0
What is the ten thousands digit of 3001727?
0
What is the tens digit of 703291?
9
What is the hundreds digit of 4836354?
3
What is the millions digit of 5870968?
5
What is the thousands digit of 161790?
1
What is the tens digit of 4691283?
8
What is the ten millions digit of 11977726?
1
What is the hundreds digit of 67767?
7
What is the thousands digit of 14677630?
7
What is the units digit of 147827?
7
What is the ten thousands digit of 320595?
2
What is the tens digit of 19986520?
2
What is the hundreds digit of 3400971?
9
What is the tens digit of 62903?
0
What is the hundreds digit of 326592?
5
What is the thousands digit of 4415622?
5
What is the ten millions digit of 26854757?
2
What is the ten thousands digit of 1274380?
7
What is the ten thousands digit of 103228?
0
What is the hundred thousands digit of 851075?
8
What is the units digit of 821123?
3
What is the hundred thousands digit of 3442680?
4
What is the thousands digit of 20907963?
7
What is the hundreds digit of 806940?
9
What is the hundred thousands digit of 2895307?
8
What is the millions digit of 15702927?
5
What is the millions digit of 21826368?
1
What is the ten thousands digit of 865811?
6
What is the hundred thousands digit of 6979212?
9
What is the ten thousands digit of 6362333?
6
What is the tens digit of 120395?
9
What is the hundred thousands digit of 8664432?
6
What is the hundred thousands digit of 3408620?
4
What is the hundred thousands digit of 3144420?
1
What is the ten thousands digit of 3990001?
9
What is the tens digit of 10798640?
4
What is the ten thousands digit of 1860089?
6
What is the ten thousands digit of 3155246?
5
What is the thousands digit of 7318?
7
What is the hundred thousands digit of 7128258?
1
What is the millions digit of 8058379?
8
What is the ten thousands digit of 1100172?
0
What is the hundreds digit of 517286?
2
What is the millions digit of 1149299?
1
What is the hundreds digit of 14150800?
8
What is the thousands digit of 232283?
2
What is the units digit of 1702985?
5
What is the ten thousands digit of 70776?
7
What is the thousands digit of 3775530?
5
What is the hundred thousands digit of 3433763?
4
What is the ten thousands digit of 6730770?
3
What is the ten thousands digit of 165957?
6
What is the thousands digit of 1372741?
2
What is the millions digit of 5099808?
5
What is the hundreds digit of 2555828?
8
What is the tens digit of 198829?
2
What is the thousands digit of 218406?
8
What is the hundreds digit of 292090?
0
What is the units digit of 5644607?
7
What is the hundred thousands digit of 1740032?
7
What is the tens digit of 4826471?
7
What is the hundreds digit of 455775?
7
What is the ten thousands digit of 1361375?
6
What is the units digit of 2983453?
3
What is the tens digit of 763073?
7
What is the hundreds digit of 15024470?
4
What is the millions digit of 1397077?
1
What is the hundred thousands digit of 1544818?
5
What is the tens digit of 87185?
8
What is the units digit of 19736315?
5
What is the hundred thousands digit of 120767?
1
What is the hundred thousands digit of 256041?
2
What is the tens digit of 193727?
2
What is the hundreds digit of 31882488?
4
What is the units digit of 547147?
7
What is the tens digit of 1685549?
4
What is the millions digit of 5706876?
5
What is the ten thousands digit of 3486211?
8
What is the thousands digit of 212875?
2
What is the ten thousands digit of 848481?
4
What is the hundreds digit of 175728?
7
What is the tens digit of 509217?
1
What is the tens digit of 4062?
6
What is the thousands digit of 281626?
1
What is the units digit of 654843?
3
What is the units digit of 53645?
5
What is the tens digit of 5326372?
7
What is the ten thousands digit of 4458866?
5
What is the hundreds digit of 658972?
9
What is the ten thousands digit of 355990?
5
What is the units digit of 4095387?
7
What is the millions digit of 8527816?
8
What is the thousands digit of 20588886?
8
What is the tens digit of 68243?
4
What is the ten millions digit of 23525829?
2
What is the thousands digit of 8558889?
8
What is the millions digit of 12590718?
2
What is the millions digit of 5347810?
5
What is the hundreds digit of 182856?
8
What is the hundred thousands digit of 4056629?
0
What is the hundreds digit of 282866?
8
What is the ten thousands digit of 3732515?
3
What is the millions digit of 1130395?
1
What is the tens digit of 108938?
3
What is the thousands d